m a composite number?
True
Let g = -8 - -4. Is ((-79)/(-3))/(g/(-12)) a composite number?
False
Suppose 0 = -4*z - 5*v + 32, 2*z - v + 2*v - 10 = 0. Is 83 + (z - (-1)/(-1)) composite?
True
Suppose -3*j - j + o = -477, 4*o - 216 = -2*j. Is j a prime number?
False
Let h = -84 + 271. Suppose -4*b = a - 2*b - h, 10 = -5*b. Is a composite?
False
Let u(s) = 4*s**2 - 5*s + 9. Let d be u(6). Suppose -6*v + 440 = -11*v. Let g = v + d. Is g prime?
False
Suppose -5*r + r = 0. Let c(q) = q**3 - q**2 + 35. Let m be c(0). Suppose 2*x + m - 105 = r. Is x a composite number?
True
Let h(g) = 17*g**2 - 10*g + 23. Is h(10) a composite number?
True
Let j = 11 + -7. Suppose -b - 4 + 45 = 5*g, 0 = 3*b - j*g - 123. Suppose 5*v - b - 129 = 0. Is v prime?
False
Is ((-4)/(-6))/(4/5370) a composite number?
True
Suppose 0 = -n + 80 - 23. Let x = 124 - n. Is x a prime number?
True
Let t be (0*1/(-3))/(-1). Is 326*(-3)/(-6) - t composite?
False
Suppose 8*z = 2071 + 2433. Is z composite?
False
Let d = -4 - -4. Suppose 5*n + 47 = g - d*n, 0 = n. Is g composite?
False
Let b(z) = z**3 - 5*z**2 - 2*z - 5. Suppose m - 3*m + 5*n - 15 = 0, 2*m - 3*n + 9 = 0. Suppose 2*r + 8 = m, 5*y + 4*r - 9 - 5 = 0. Is b(y) composite?
False
Suppose 12835 + 11921 = 12*w. Is w a prime number?
True
Let g(t) = -38*t - 1. Suppose 6*r + 5 = r. Is g(r) prime?
True
Let g be (-1)/(3*(-1)/(-3)). Let t = 0 + g. Is (1 - 2)*(-20 - t) a prime number?
True
Let o be (2 + -3)/((-1)/3). Let p = -125 + 209. Suppose o*b = -b + p. Is b a prime number?
False
Let b be (-1 + 0)*(-10 + 8). Suppose b*y - 55 = -0*s - s, 4*s - 4*y = 280. Is s a composite number?
True
Suppose -4*g + 5*g + 6 = 0. Let o(q) = -q**2 - 8*q - 8. Let h be o(g). Suppose h*z - 29 - 27 = 0. Is z composite?
True
Let c be -3 + (-1 - -6) + 314. Suppose 364 = 2*n + q - 293, -3*q + c = n. Is n a composite number?
False
Is 1/((-73672)/(-24556) - 3) composite?
True
Suppose -q = -4*q. Suppose l + 1 = q, -53297 = -5*b + 3*l - 6*l. Is (-2)/(-11) + b/55 prime?
False
Suppose 0*g + 704 = g - 3*a, -4*g + 2830 = 2*a. Is g a composite number?
True
Suppose -q - 520 = -2*d, -5*q = -d - 0*d + 269. Is d composite?
True
Let p(i) = -i + 3. Suppose 47 = -5*u - 3. Is p(u) composite?
False
Suppose -l - 3*j - 2807 = -2*l, -5*j - 11256 = -4*l. Is l a prime number?
True
Let k be 30/(-5) - 2*-1. Let m be (-4)/6*102/k. Is m - 4*2/4 prime?
False
Let y(k) = k**3 - k**2 + 7*k - 9. Is y(6) a composite number?
True
Let d(p) be the third derivative of -p**7/280 - p**6/120 - p**5/60 - p**4/24 + p**3/6 + p**2. Let c(u) be the first derivative of d(u). Is c(-2) prime?
False
Let l = -10 + 15. Suppose 0 = -3*f + 15, l*g + f - 27 = 153. Is g a prime number?
False
Let i(m) = m**2. Let q be i(0). Suppose -15 - 72 = -3*l + 2*f, -l - 4*f + 43 = q. Is l a prime number?
True
Suppose 65 + 101 = 2*t. Is t a prime number?
True
Let l(h) = -26*h + 3. Let q be l(-4). Suppose 5*d = -0*d - 5*c + 90, 4*d - q = 3*c. Is d prime?
True
Let n(j) = -6*j + 0 + 1 + 5*j + 8*j**2 + 1. Is n(-3) a composite number?
True
Let d(a) = 2*a + 521. Is d(0) a composite number?
False
Suppose 2*o - 3*f + 126 + 605 = 0, 2*o + 736 = 4*f. Let d = o - -502. Suppose 0 = -n - p + 88 - 38, -3*p = -3*n + d. Is n composite?
True
Suppose -2*w = -4*w - 4*n + 62, -n - 97 = -4*w. Suppose w = 3*q - 26. Let j = q - -16. Is j a prime number?
False
Let i(o) = -o. Let t(g) = 42*g + 3. Let z(a) = 15*i(a) + t(a). Is z(4) a composite number?
True
Let g = 14 + -14. Suppose g*b + 67 = b. Is b a composite number?
False
Let w(i) = 11*i**3 - 3*i**2 - 4*i + 4. Is w(3) a composite number?
True
Let w = -2 + 2. Let m be (20/(-6))/((-5)/((-75)/(-10))). Suppose 4*f + y - 212 = -3*y, w = m*f - 2*y - 279. Is f prime?
False
Suppose 0 = 5*r + 15, 2*t - 243 = -5*r + 4*r. Is t a composite number?
True
Let t(y) = 556*y - 1. Let z be t(-1). Let q = 1198 + z. Is q composite?
False
Let i(d) = 2 - 4*d + 5*d - 3 + 157*d**3. Suppose -6*j - 5 = -11*j. Is i(j) a prime number?
True
Suppose n + 2*n - 942 = 0. Is n a composite number?
True
Suppose -5*d + 3 = 4*f + 1, 3*f - 5 = -2*d. Is (1/(d/(-1418)))/1 a prime number?
True
Suppose -12260 = -13*x + 2781. Is x a prime number?
False
Let q = 5473 + -3252. Is q composite?
False
Suppose 0 = 4*p - 4, 2*y + 1 = -p + 10. Suppose -y*g = i - 189, -2*g + 4 + 6 = 0. Is i a prime number?
False
Let k(s) = -4*s**3 + s**2 + 5*s + 3. Let w be k(-4). Suppose 4*n + n = w. Is n a composite number?
True
Let c(t) = 20*t - 9. Let h(v) = -5*v + 5 + 2*v + v**2 - 3. Let l be h(4). Is c(l) prime?
False
Let b(j) = j**3 - 3*j**2 + j - 1. Let d be b(3). Suppose -k + 93 = d*k. Is k a composite number?
False
Let u(i) = -25*i + 9. Suppose -3*g + 46 = 4*r, -5*r = -4*g + 46 + 5. Let w(s) = 12*s - 4. Let d(a) = g*w(a) + 6*u(a). Is d(6) prime?
False
Is (-4)/22 + (-12275)/(-55) a prime number?
True
Let l = -28 - 144. Let p = 425 + l. Is p composite?
True
Suppose -10 = 5*j, -5*j - 4 - 6 = 2*w. Suppose 2*g + w*g - 8 = 0. Suppose 0 = 3*h - 4*z - 125, z + 9 = g*h - 175. Is h composite?
False
Let s(u) = -183*u + 4. Let o be s(-6). Suppose b = -2*i + 5*b + o, -5*b = -5*i + 2730. Is i composite?
False
Let m = 3984 - 2665. Is m a prime number?
True
Suppose 5*d = 5*t + 28 + 2, -2*t + 3*d = 12. Let n be ((-27)/(-18))/(t/(-28)). Suppose n*h - 3*h = 372. Is h composite?
True
Suppose -2*c - 7 = -5*z, 4*z + 0*z = -5*c + 32. Let g(v) = 120*v - 1. Is g(c) a composite number?
False
Suppose 9571 = 5*k - 654. Is k a composite number?
True
Let o(n) be the third derivative of 11*n**5/20 - n**4/24 + 2*n**2. Is o(-1) composite?
True
Suppose 4*y - 462 = y. Let d be (y + 2)*(-1)/(-2). Is (-8)/(-12)*d/4 prime?
True
Let n be (-3458)/(-4) + (-8)/16. Let k = n - 613. Is k prime?
True
Suppose 102 = 5*k - 3*i, 0 = -5*k + 2*i + 67 + 36. Suppose 3*m + k = 288. Is m a composite number?
False
Let i(t) = -6*t**2 - t. Let k be i(2). Let q be (-9)/15 + k/(-10). Suppose -28 = -q*n + 126. Is n a composite number?
True
Let v(d) = 41*d + 1. Is v(8) a composite number?
True
Suppose -2*i = -m + 65 + 4, -i = 2*m - 163. Is m prime?
True
Suppose -177 = -26*s + 23*s. Is s a composite number?
False
Let z = 8 + -6. Suppose -z*x = x - 795. Is x prime?
False
Suppose 0*h + 159 = h. Is h a prime number?
False
Let l be (-7)/7*(-4 - 2). Let b(x) be the second derivative of x**5/20 - x**4/6 - 5*x**3/6 - 5*x**2/2 - x. Is b(l) composite?
False
Let i = -514 - -352. Let a = i - -307. Is a a prime number?
False
Suppose -z + 4*z = -3. Let l(v) = -152*v - 1 - 44*v + 34*v. Is l(z) a composite number?
True
Let z(y) be the second derivative of y**4/2 - 7*y**3/6 + 4*y**2 + 10*y. Is z(7) composite?
True
Suppose -9 = t - 4*t. Suppose 0 = t*s + 3, 2*a = 4*s + s + 79. Is a composite?
False
Let x(c) = -c**2 - 19*c - 7. Suppose -f - 26 = 2*j + f, 0 = -5*j + 4*f - 38. Is x(j) composite?
False
Let z = -3131 + 4602. Is z prime?
True
Suppose 2*x + 151 = 33. Let i = -22 - x. Is i prime?
True
Let t = 3 - 2. Suppose i - t = 0, 0*m - i = 2*m - 39. Is m a composite number?
False
Let t(d) = -31*d**2 - 7*d - 7. Let j(c) = 6*c + 31*c**2 + 6 + 2*c**2 - 2*c**2. Let x(v) = 6*j(v) + 5*t(v). Is x(-1) prime?
True
Suppose -2*p + 9210 = 4*p. Is p a composite number?
True
Let f = 400 - -67. Is f a composite number?
False
Let l = -4 - -9. Suppose -l*z = 125 - 1020. Is z a composite number?
False
Let z(t) = 3*t**2 - 9*t + 7. Is z(-9) composite?
False
Suppose 6*b = -5*c + 4*b - 8, 5*c = 5*b + 20. Suppose 3*l + 3*z - 1098 = -c*z, -10 = 2*z. Is l a composite number?
True
Let t(w) be the third derivative of w**8/10080 + w**7/5040 + w**6/720 + w**5/30 + w**2. Let p(a) be the third derivative of t(a). Is p(6) a prime number?
True
Suppose 0 = -j + 202 + 94. Let o = -119 + j. Is o a composite number?
True
Is 1/(-8)*4 - (-11550)/4 a composite number?
False
Suppose 18*g - 5*g - 1261 = 0. Is g a prime number?
True
Let v = 623 - 1971. Is ((-5)/10)/(2/v) composite?
False
Suppose -6*b + 397 = -317. Is b a composite number?
True
Let r be (-2)/(-1)*(0 - 1). Let y be r/((-8)/3)*4. Suppose 0 = y*p - 118 - 119. Is p a prime number?
True
Let q be 5 - 1/((-3)/(-6)). Suppose v + 3 = -q. Let x(p) = p**3 + 7*p**2 - 4*p - 7. Is x(v) a composite number?
False
Suppose 4*b - 7 = -3*c - 2*c, -b + 3*c = -6. Suppose -u = -2*s + b*u + 294, s = -u + 150. Is s prime?
True
Let u(a) = -19*